1
In base 12, what is 1 + 3070?
3071
In base 12, what is 2 + -47?
-45
In base 10, what is -1 - 149?
-150
In base 8, what is -16 - -166?
150
In base 6, what is 5033 - -4?
5041
In base 12, what is 1b9 - -28?
225
In base 14, what is 40 - 4?
3a
In base 6, what is 23 + 50?
113
In base 16, what is -3 - -1cf?
1cc
In base 7, what is -1 - 106?
-110
In base 10, what is -785 - 0?
-785
In base 7, what is 11605 - 5?
11600
In base 15, what is -3 + -1b?
-1e
In base 7, what is 542 + -2?
540
In base 7, what is -24 + 110?
53
In base 12, what is -2 - 552?
-554
In base 9, what is 15 + 853?
868
In base 2, what is -1000100 - -101?
-111111
In base 4, what is 1300 - 0?
1300
In base 11, what is 5 - -77?
81
In base 15, what is 2 - 129e?
-129c
In base 14, what is -b1 + 5?
-aa
In base 3, what is 222120 + -11?
222102
In base 8, what is 3 + -4337?
-4334
In base 9, what is -1323 - -1?
-1322
In base 10, what is -5 - 257?
-262
In base 2, what is -1000 + 10101000?
10100000
In base 13, what is 12 - -38?
4a
In base 2, what is 1101101010000000 + -11?
1101101001111101
In base 4, what is -20102001 - 3?
-20102010
In base 12, what is 19 - 3?
16
In base 3, what is -111111002 - 10?
-111111012
In base 14, what is -21 + -1b?
-3c
In base 11, what is -5 - -33?
29
In base 7, what is 5 - 203?
-165
In base 2, what is 1100011 + 110?
1101001
In base 5, what is 12 - 333?
-321
In base 5, what is 4 - -144234?
144243
In base 8, what is -4 - 350?
-354
In base 16, what is 48 + a?
52
In base 9, what is -13 + -10?
-23
In base 11, what is 234 + -23?
211
In base 15, what is -5 + -1a?
-20
In base 8, what is 3 - -17?
22
In base 16, what is -2 - b4?
-b6
In base 4, what is 113112 + 0?
113112
In base 13, what is 6b1 + 3?
6b4
In base 13, what is 411 + 0?
411
In base 11, what is -119 + 2?
-117
In base 4, what is 120 + 11?
131
In base 16, what is -70 + -12?
-82
In base 7, what is 26144 + -4?
26140
In base 5, what is 3 - -110223?
110231
In base 13, what is 1 - -35?
36
In base 2, what is -1111000 - 0?
-1111000
In base 5, what is 23 + -30?
-2
In base 10, what is 3 - 120?
-117
In base 8, what is -157 + 14?
-143
In base 15, what is d1 - 7?
c9
In base 14, what is -6c - -a7?
39
In base 12, what is -451b + 0?
-451b
In base 16, what is 18 + -71?
-59
In base 7, what is -236 + 3?
-233
In base 11, what is 0 + -2a?
-2a
In base 3, what is 12 + 11200002?
11200021
In base 4, what is 203111 - -11?
203122
In base 3, what is 1 + 12202?
12210
In base 10, what is 0 - 623?
-623
In base 9, what is -1 - -3452?
3451
In base 4, what is 2022 + 313?
3001
In base 5, what is 1234 + 10?
1244
In base 6, what is -525 - 1?
-530
In base 13, what is 17 - 53?
-39
In base 15, what is 1a + -31?
-16
In base 8, what is 175 + -10?
165
In base 6, what is -154 + 1?
-153
In base 6, what is 3 - 105300?
-105253
In base 8, what is 362 + -2?
360
In base 9, what is -3 + -101?
-104
In base 12, what is -1 - -26?
25
In base 7, what is -10 - 40?
-50
In base 11, what is 1665 - -9?
1673
In base 10, what is 5190 - -3?
5193
In base 9, what is -45 + 572?
526
In base 11, what is 18 + 299?
306
In base 12, what is 5 - 54?
-4b
In base 7, what is 2016 - -2?
2021
In base 4, what is -1 + -2112?
-2113
In base 16, what is 1 + -58?
-57
In base 13, what is 5 - 22?
-1a
In base 7, what is -634 - 15?
-652
In base 8, what is -16 + 541?
523
In base 10, what is 5 - 3?
2
In base 10, what is -625 + -10?
-635
In base 14, what is -459 - -4?
-455
In base 15, what is 4 - -13?
17
In base 8, what is 2 + -111?
-107
In base 3, what is 0 + -11?
-11
In base 11, what is -2 + 530?
529
In base 10, what is -91 - 12?
-103
In base 14, what is -725 + 5?
-720
In base 2, what is -10111111101 + 10?
-10111111011
In base 11, what is -53 - -45?
-9
In base 13, what is 5 + 12b?
133
In base 5, what is 10303 + -1?
10302
In base 2, what is -1 - -10111011?
10111010
In base 14, what is -338 + 3?
-335
In base 4, what is -13 - -21?
2
In base 6, what is -4325 + -12?
-4341
In base 9, what is -2 + 366?
364
In base 10, what is -114 + -7?
-121
In base 10, what is -11 - -6?
-5
In base 14, what is -1d2 + a?
-1c6
In base 11, what is -3 - -4621?
4619
In base 10, what is -2411 + -5?
-2416
In base 8, what is 1714 - -6?
1722
In base 7, what is 3 + -51?
-45
In base 5, what is 3100 + -104?
2441
In base 10, what is 3 - 946?
-943
In base 5, what is -10 - 201?
-211
In base 12, what is 3 - 81?
-7a
In base 5, what is -10 + -342?
-402
In base 3, what is -102 + 1021001?
1020122
In base 6, what is -1345 - 1?
-1350
In base 4, what is -3131333 + 10?
-3131323
In base 14, what is 5 + -120a?
-1205
In base 12, what is -5 - 99?
-a2
In base 9, what is -60 + 23?
-36
In base 12, what is -b - 11?
-20
In base 15, what is 18 + 3?
1b
In base 8, what is 17 - 4?
13
In base 15, what is -4 - 190?
-194
In base 4, what is 2010000 + 2?
2010002
In base 16, what is -4 + e?
a
In base 10, what is -2 - 67?
-69
In base 12, what is -168 - 0?
-168
In base 11, what is 2 - 37a?
-378
In base 10, what is -37 + 9?
-28
In base 12, what is 4 - -b31?
b35
In base 11, what is -190 - 2?
-192
In base 13, what is 0 - 7c?
-7c
In base 14, what is -60 + -48?
-a8
In base 15, what is 1 + 219?
21a
In base 5, what is 3 + -130?
-122
In base 13, what is -104b - 5?
-1053
In base 14, what is 10 - -c?
1c
In base 3, what is -12121022 - -2?
-12121020
In base 4, what is -211 + 2021?
1210
In base 4, what is -100 - -1200?
1100
In base 16, what is 9 + 11f?
128
In base 4, what is 11 + -113010?
-112333
In base 3, what is -10121 - -1?
-10120
In base 10, what is 689 + -1?
688
In base 5, what is -3431 + 23?
-3403
In base 10, what is -166 + 5?
-161
In base 7, what is 10 - 240?
-230
In base 9, what is 4 + 24?
28
In base 12, what is -4 - -5?
1
In base 3, what is -1 - 222?
-1000
In base 12, what is 0 + 59?
59
In base 5, what is 1 - -23040?
23041
In base 6, what is 1 - -25?
30
In base 2, what is 10 - 11?
-1
In base 16, what is -1b + 6?
-15
In base 12, what is -1 - ab3?
-ab4
In base 4, what is 31110 + -1?
31103
In base 6, what is 354 - -5?
403
In base 7, what is 102 - 212?
-110
In base 12, what is -33 + -a?
-41
In base 3, what is -2 - 121?
-200
In base 11, what is 5 + 12?
17
In base 8, what is -76 + -111?
-207
In base 2, what is 1111 - 1001111?
-1000000
In base 12, what is 3 + 22?
25
In base 10, what is 4 - 452?
-448
In base 2, what is 100111100 + 101?
101000001
In base 8, what is -5 - 13?
-20
In base 7, what is 1 - 330?
-326
In base 15, what is -6 - -8b?
85
In base 5, what is 1123 - 113?
1010
In base 15, what is -13d - -1?
-13c
In base 3, what is 11 + -1012002?
-1011221
In base 7, what is 2 + -6?
-4
In base 8, what is -4 + 10746?
10742
In base 14, what is -416 - -4?
-412
In base 3, what is -1202 - 110?
-2012
In base 5, what is 12 - 141?
-124
In base 6, what is 1001 - 5?
552
In base 13, what is -23b + 44?
-1c7
In base 6, what is -13 - 10020?
-10033
In base 11, what is 2 + 5?
7
In base 16, what is 2b6 + 0?
2b6
In base 6, what is -1534 + -11?
-1545
In base 11, what is 5 - -120?
125
In base 13, what is -3 - a4?
-a7
In base 6, what is -1 + 15?
14
In base 11, what is 165 + -2?
163
In base 2, what is -1000011101 - -10?
-1000011011
In base 14, what is 3b7 - 6?
3b1
In base 14, what is 1 + -56?
-55
In base 2, what is 1000 + -10000011?
-1111011
In base 4, what is -3301 - 3?
-3310
In base 5, what is 3 + 220?
223
In base 9, what is 4780 - 5?
4774
In base 5, what is -11124 - -10?
-11114
In base 3, what is 10000 - -11121?
21121
In base 8, what is -464 + 3?
-461
In base 14, what is 1 + -73?
-72
In base 12, what is 15 - 9?
8
In base 10, what is 1 + 53?
54
In base 2, what is 101 - -1?
110
In base 10, what is 25 + 0?
25
In base 2, what is -1 + 1000000?
111111
In base 2, what is 100 + 1101110111?
1101111011
In base 16, what is 7 - -20f?
216
In base 5, what is 10112 + 10?
10122
In base 5, what is 1232 - 0?
1232
In base 16, what is 5 + -44?
-3f
In base 4, what is 11 - 130011?
-130000
In base 6, what is 11 - 0?
11
In base 8, what is 1074 - -3?
1077
In base 12, what is -2 - 247?
-249
In base 7, what is -5 - -101?
63
In base 15, what is 14 - 5?
e
In base 9, what is -308 - 4?
-313
In base 9, what is 2 - -77?
80
In base 8, what is 5 - -2253?
2260
In base 14, what is -18 + 1?
-17
In base 13, what is -cb1 + 3?
-cab
In base 11, what is -1 + 208?
207
In base 12, what is -33 - -5?
-2a
In base 11, what is -7389 + -5?
-7393
In base 5, wha